 = 412123. What are the prime factors of f?
2, 13291
Let o = 21 - 19. Let k be (-3 + -1)*(5 - 16/o). Suppose -3*u + k*u = 747. What are the prime factors of u?
83
Suppose 3*s = 123 - 99. Let i be -4*(-17)/10 - s/(-40). Suppose 2*p = a - 195, -a - i*p + 200 = -4*p. What are the prime factors of a?
197
Suppose -15*w + 11*w - 269035 = -9*w. List the prime factors of w.
13, 4139
Let a be -5*-6*(-3)/(-30). Suppose -2302 = -5*p + 4*s, 935 + 445 = a*p - 3*s. What are the prime factors of p?
2, 3, 7, 11
Let f(j) = 12*j - 66. Suppose -3*t + 14 = -4*t - 5*r, 3*r + 12 = 0. Let a be f(t). Suppose 401 = a*o - 3*o - q, -2*o - q = -269. List the prime factors of o.
2, 67
Suppose 4*s = 5*i - 22, -i - 4*i - 26 = 2*s. List the prime factors of s + -2*3114/(-12).
7, 73
Let d be ((270/8)/5)/(6/(-16)). Let y = d - -51. What are the prime factors of y*30/9 - -5?
5, 23
Suppose -5*v + 11*c = 13*c - 2203, c = -3*v + 1321. What are the prime factors of v?
439
Let t(p) be the second derivative of -p**5/10 + 3*p**4 + 25*p**3/6 + 23*p**2/2 + 4*p + 1. List the prime factors of t(18).
11, 43
Let r(z) = z**3 - 14*z**2 + 15*z + 118. Let h be r(23). Suppose -9*v + h = -3452. List the prime factors of v.
2, 241
List the prime factors of ((-28)/(-12))/(4/10944).
2, 3, 7, 19
Suppose 8*u - 4*u = 4*v + 60, 35 = -4*v - u. Let m be ((-3)/v - (-5)/25)*-2. List the prime factors of m*(-61 + (6 - 3)).
2, 29
Suppose -5*z + 2168 = -2*t, -2*t - 1512 = -3*z - 208. Let h = 664 - z. List the prime factors of h.
2, 29
Let u be (32 - (-1 - 1)) + (7 - 12). Suppose a = 2, -24 = -3*d + 5*a + u. What are the prime factors of d?
3, 7
Let q be (-19)/(76/1560)*(3 - 5). Suppose -17*d + 4707 = q. List the prime factors of d.
3, 7, 11
Suppose -2*y + 143662 = -680*x + 684*x, 107734 = 3*x + 4*y. List the prime factors of x.
2, 17959
Let o = 12017 + 7582. What are the prime factors of o?
3, 47, 139
Let v be 3/3*-1 + 167. Suppose -x = x + v. Let u = -30 - x. What are the prime factors of u?
53
List the prime factors of ((-190154)/31)/((-6)/15).
5, 3067
Let u(q) = q**2 + 7*q - 42. Suppose 12 = 3*x - 0. Suppose b - 15 = x*m, 3*m = -2*b + 4*b - 25. What are the prime factors of u(b)?
2, 3, 13
List the prime factors of (-1 + (14071 - 11))/(0 - -1).
17, 827
Let b(i) be the second derivative of -i**5/20 - 13*i**4/12 - 2*i**3 - i**2/2 + 16*i. Let k be b(-12). What are the prime factors of 1*(2 + k)*8*1?
2
Let i(j) = -2*j**2 - 11*j + 0*j**2 + j**2 + 7. Let k be i(-12). What are the prime factors of 3/k - (-6672)/120?
5, 11
Let c = -33 - -37. Suppose 5*d + c*h - 1640 = 0, d - 329 = -0*d - h. What are the prime factors of d?
2, 3
Let p = -328 + 331. Suppose -1670 = -5*m - 5*i, -5*i = -p*m + 358 + 660. What are the prime factors of m?
2, 3, 7
Let f be 3/(-42) + 213/42. Let y(d) = -3*d**3 + 10*d**2 + 2*d - 22. Let r(t) = t**2. Let q(o) = 5*r(o) - y(o). List the prime factors of q(f).
2, 131
Let t(r) = -2*r**2 + 2*r + 4. Let g be t(0). List the prime factors of (-16)/3 + g - (-238)/3.
2, 3, 13
Let n(a) = a**3 + 15*a**2 + 12*a + 15. Let m be n(-12). Suppose m = 11*b - 2381. What are the prime factors of b?
2, 61
Suppose -36*o - 11466 = 6*o. List the prime factors of ((-2476)/(-14))/((-39)/o).
2, 619
Suppose -z + 6*z = -4*p + 22, -4*p + 3*z + 6 = 0. Suppose o = p*o - 8. Suppose 4*y + 64 = o*d, 6 = -d - 3*y + 26. List the prime factors of d.
17
Suppose 2*n = 3*h + 5092, -5*h - n - 6812 = 1692. List the prime factors of (-5*3)/(102/h).
2, 5
Let a = 7807 - 4909. What are the prime factors of a?
2, 3, 7, 23
Suppose -2*d + y = -15, d - 6*d - 3*y = -43. Suppose -d*u + 280 = 2*u. Let s = 37 + u. List the prime factors of s.
5, 13
Let c(h) = -2*h**3 - 20*h**2 - 10*h + 210. List the prime factors of c(-20).
2, 5, 29
Let u(w) = 4*w**2 + 132*w - 1106. What are the prime factors of u(-67)?
2, 4003
Let o = 65 - 61. Suppose 0 = -o*u - 321 + 1861. What are the prime factors of u?
5, 7, 11
Let v(c) = -25*c - 118. Let o(s) = 13*s + 57. Let r(i) = -13*o(i) - 6*v(i). Let h(d) = -d**2 - 6*d - 6. Let p be h(-6). List the prime factors of r(p).
3
Let p = -4018 + 4995. List the prime factors of p.
977
Let p = 326 + -364. List the prime factors of p*(-2 + 22/12)*9.
3, 19
Let u = -15465 + 23634. What are the prime factors of u?
3, 7, 389
Suppose 8*r - 13*r + 50820 = -u, -10160 = -r + u. List the prime factors of r.
5, 19, 107
What are the prime factors of (-15)/10*(-6474662)/219?
61, 727
List the prime factors of (((-250870)/(-8))/5)/(129/516).
25087
Let p(t) = -635 + 676 - t + 6*t. Let y be 2 - -4*6/(-3). List the prime factors of p(y).
11
Let r = -19960 - -42411. What are the prime factors of r?
11, 13, 157
Let g(p) = -9*p + 165. Let q be g(18). Suppose 3540 - 918 = 5*c + q*a, 3*a = 12. List the prime factors of c.
2, 3, 29
Suppose 3*g + 5*m = 30156, -4*g = 3*m + 4584 - 44814. List the prime factors of g.
2, 3, 13, 43
Let z be (-8)/16*(-30)/3. Suppose z*h - 1394 = -3*s, -s + h = -350 - 112. List the prime factors of s.
463
Suppose 7*h + 15*h - 38019 - 266021 = 0. What are the prime factors of h?
2, 5, 691
Suppose -7 - 14 = 3*h. Let b(r) = -10*r**2 - 19*r + 39. Let p(v) = 7*v**2 + 13*v - 26. Let s(f) = -5*b(f) - 7*p(f). What are the prime factors of s(h)?
2
Suppose 0 = 4*n - 5*q - 1328, -5*n = 5*q - 1985 + 325. Let o = n - 13. List the prime factors of o.
11, 29
Suppose 0 = 9*y + 36, -10*p + 5*p + 19589 = 4*y. List the prime factors of p.
3, 1307
Suppose 0 = 20*r + 33481 - 50147 - 188134. List the prime factors of r.
2, 5
Let w(m) = -83*m**3 - 39*m**2 - 160*m + 9. List the prime factors of w(-4).
3, 593
Let b(l) = -13*l - 11. Let k be b(8). Suppose 13*g = 22*g - 2097. Let j = g + k. List the prime factors of j.
2, 59
Suppose 8*w + 5*n - 60 = 3*w, 3*w + 2*n - 37 = 0. Let c(h) = -h**3 - 6*h**2 + 13*h + 46. Let u be c(-7). Let s = w - u. List the prime factors of s.
3
Let s = 301 - 215. Suppose 9*a - 2*p = 11*a - s, 4*p = 8. What are the prime factors of a?
41
Suppose 3*n = 32 - 578. Suppose -1639 = -5*x - 2*y + 156, -5*x - y + 1795 = 0. Let a = n + x. What are the prime factors of a?
3, 59
Let i(r) = -2*r**3 - 6*r**2 - r + 15. Let o be i(-4). List the prime factors of 6/o + -21*654/(-17).
2, 101
Let w = 99 - 96. Suppose 13*c + w = 14*c. Let f(k) = 24*k**2 - 7*k + 9. List the prime factors of f(c).
2, 3, 17
Let x(u) = 6*u - 40. Let h be x(9). Suppose a + 4342 = h*a. List the prime factors of a.
2, 167
Let p = 108327 + -31109. What are the prime factors of p?
2, 38609
Suppose -3707278 = -236*j - 690726. What are the prime factors of j?
2, 7, 11, 83
Let x = -59191 - -86374. What are the prime factors of x?
3, 13, 17, 41
Suppose 2010 + 10854 = 24*r. Let q = 390 + 379. Let t = q - r. List the prime factors of t.
233
Suppose -2*j - 105660 = -5*f + 39255, -2*f - 2*j = -57980. List the prime factors of f.
5, 11, 17, 31
Suppose -4*d = -d + 4*h - 143, 0 = -2*d - 4*h + 102. Suppose -j - d = -x, j + 3 = -2*j. Suppose -m = m - x. What are the prime factors of m?
2, 5
Suppose 194*l = 549523 + 776273. What are the prime factors of l?
2, 3, 17, 67
Let a = 7143 - -30755. What are the prime factors of a?
2, 7, 2707
Suppose 59*f - 62*f = -21201. List the prime factors of f.
37, 191
Suppose -5*v + 30 = -0*v - p, -4*p = 3*v + 5. List the prime factors of 813 - -4*v/(-10).
811
Suppose -3*z + 19*o + 155356 = 17*o, 4*z + o = 207123. What are the prime factors of z?
2, 17, 1523
Suppose -i + p = -1553, 28*p = 4*i + 32*p - 6260. List the prime factors of i.
1559
Let o = -214 - -462. Let f be 10/3*(3 + (39 - 0)). Let r = o - f. What are the prime factors of r?
2, 3
Suppose -4*w - s = -66, 4*w - 4*s + s - 74 = 0. Let q(l) = l**2 + w*l - 34*l + 19*l + 7. List the prime factors of q(-6).
31
List the prime factors of 30601753/1365 + (-6)/(-45).
3, 47, 53
What are the prime factors of (7 - 3*5/15) + 9015?
3, 31, 97
Suppose 57*f - 133065 = 12*f. What are the prime factors of f?
2957
Let w(s) be the second derivative of s**5/20 + 17*s**4/12 + 10*s**3/3 - 3*s**2 - 6*s. Let z be w(-16). Let p = z - -133. List the prime factors of p.
3, 7
Let s(n) = -6*n**3 - 2*n**2 - 3. Let r be (-204)/(-10) - 6/(-10). Let z = 18 - r. List the prime factors of s(z).
3, 47
Let r(q) = 25*q - 38. Let b be r(2). List the prime factors of 220 + b/15*5.
2, 7
Suppose 199804 = 60*z + 16*z. List the prime